{"id":37,"date":"2015-04-11T17:35:36","date_gmt":"2015-04-11T15:35:36","guid":{"rendered":"http:\/\/wp.cheerleader-haan.de\/?page_id=37"},"modified":"2025-06-06T21:39:50","modified_gmt":"2025-06-06T19:39:50","slug":"cool-cats","status":"publish","type":"page","link":"https:\/\/www.cheerleader-haan.de\/?page_id=37","title":{"rendered":"Cool Cats"},"content":{"rendered":"<p>Die\u00a0Cool Cats sind das Senior Danceteam der Cool Company Cheerleader.<\/p>\n<p>Sie wurden im Februar 2002 gegr\u00fcndet und bestehen aus jungen Damen ab 16 Jahren.\u00a0Einige der T\u00e4nzerinnen verf\u00fcgen \u00fcber langj\u00e4hrige Erfahrungen aus den Bereichen Cheerleading, Rhythmische Sportgymnastik, Turnen und verschiedenster Tanzrichtungen.<\/p>\n<p>Mit viel Ehrgeiz und Leidenschaft trainieren die Damen leistungsorientiert 2x w\u00f6chentlich unter der Leitung von Jessica Joppig an Choreographien und Tanztechnik bestehend aus klassischem Ballett und Elementen aus dem Bereich Performance Cheer. Sie k\u00f6nnen auf einige erfolgreiche Meisterschaften zur\u00fcckblicken. So errungen die T\u00e4nzerinnen des Haaner Turnverein 1863 e.V. schon einige Vize-Regionalmeistertitel und qualifizierten sich im Jahr 2017 zum ersten Mal zur ECU Europameisterschaft in Prag.<\/p>\n<p>Neben ihren erfolgreichen Teilnahmen an regionalen, nationalen und internationalen Meisterschaften heizen die M\u00e4dels ihrem Publikum auf zahlreichen Events kr\u00e4ftig ein. Ihre Show ist eine Mischung aus traditionellem Cheerdance und vielen abwechslungsreichen Tanzstilen. Ob bei Firmen- oder Sportevents, Produktpr\u00e4sentationen, Jubil\u00e4en, Hochzeiten oder st\u00e4dtischen Veranstaltungen, sie d\u00fcrfen bei keiner Veranstaltung fehlen. Sie suchen f\u00fcr Ihre Veranstaltung noch einen abwechslungsreichen und originellen Showact? Kein Problem! Nutzen Sie f\u00fcr Ihre Buchungsanfrage gleich unser Kontaktformular!<\/p>\n<p>Nat\u00fcrlich freuen sich die Cool Cats jederzeit \u00fcber ambitionierte Neuzug\u00e4nge, die Spa\u00df an t\u00e4nzerischer Abwechslung und Teamwork haben.\u00a0F\u00fcr die kommende Saison suchen wir noch\u00a0talentierte\u00a0junge\u00a0Damen ab 16 Jahren, die gerne Tanzen und Spa\u00df an einem\u00a0anspruchsvollen Teamsport haben.<br \/>\nDu hast bereits t\u00e4nzerische Vorkenntnisse und m\u00f6chtest gerne mal bei uns rein schnuppern? Dann melde Dich einfach \u00fcber unser Kontaktformular zu einem Probetraining an.<\/p>\n<p>Wir freuen uns auf Dich!<\/p>\n","protected":false},"excerpt":{"rendered":"<p>Die\u00a0Cool Cats sind das Senior Danceteam der Cool Company Cheerleader. Sie wurden im Februar 2002 gegr\u00fcndet und bestehen aus jungen Damen ab 16 Jahren.\u00a0Einige der T\u00e4nzerinnen verf\u00fcgen \u00fcber langj\u00e4hrige Erfahrungen aus den Bereichen Cheerleading, Rhythmische Sportgymnastik, Turnen und verschiedenster Tanzrichtungen. &hellip; <a href=\"https:\/\/www.cheerleader-haan.de\/?page_id=37\">Weiterlesen <span class=\"meta-nav\">&rarr;<\/span><\/a><\/p>\n","protected":false},"author":2,"featured_media":0,"parent":0,"menu_order":1,"comment_status":"closed","ping_status":"closed","template":"","meta":[],"_links":{"self":[{"href":"https:\/\/www.cheerleader-haan.de\/index.php?rest_route=\/wp\/v2\/pages\/37"}],"collection":[{"href":"https:\/\/www.cheerleader-haan.de\/index.php?rest_route=\/wp\/v2\/pages"}],"about":[{"href":"https:\/\/www.cheerleader-haan.de\/index.php?rest_route=\/wp\/v2\/types\/page"}],"author":[{"embeddable":true,"href":"https:\/\/www.cheerleader-haan.de\/index.php?rest_route=\/wp\/v2\/users\/2"}],"replies":[{"embeddable":true,"href":"https:\/\/www.cheerleader-haan.de\/index.php?rest_route=%2Fwp%2Fv2%2Fcomments&post=37"}],"version-history":[{"count":20,"href":"https:\/\/www.cheerleader-haan.de\/index.php?rest_route=\/wp\/v2\/pages\/37\/revisions"}],"predecessor-version":[{"id":479,"href":"https:\/\/www.cheerleader-haan.de\/index.php?rest_route=\/wp\/v2\/pages\/37\/revisions\/479"}],"wp:attachment":[{"href":"https:\/\/www.cheerleader-haan.de\/index.php?rest_route=%2Fwp%2Fv2%2Fmedia&parent=37"}],"curies":[{"name":"wp","href":"https:\/\/api.w.org\/{rel}","templated":true}]}}